{"id":1773,"date":"2017-07-14T21:04:55","date_gmt":"2017-07-14T21:04:55","guid":{"rendered":"http:\/\/engpdetonacoes.com.br\/?page_id=1773"},"modified":"2017-09-27T13:26:29","modified_gmt":"2017-09-27T13:26:29","slug":"sobre-nos","status":"publish","type":"page","link":"https:\/\/engpdetonacoes.com.br\/?page_id=1773","title":{"rendered":"Sobre n\u00f3s"},"content":{"rendered":"<p>[vc_row css=&#8221;.vc_custom_1431670008004{margin-bottom: 20px !important;}&#8221; parallax_speed=&#8221;0.3&#8243;][vc_column width=&#8221;1\/4&#8243; offset=&#8221;vc_hidden-sm vc_hidden-xs&#8221;][stm_contacts_widget title=&#8221;Contatos&#8221; address=&#8221;S\u00e3o Jos\u00e9 dos Pinhais &#8211; PR<\/p>\n<p>Rua Leonardo Cristiano, 3.759 &#8211; Sala 102 &#8211; Governador Valadares &#8211; MG&#8221; phone=&#8221; (41) 3146-4453 (41) 99971-6010 \/ (41) 98421-6966&#8243; fax=&#8221; (88) 3531- 2966 (Nordeste)&#8221; email=&#8221;contato@engpdetonacoes.com.br&#8221;][\/vc_column][vc_column width=&#8221;3\/4&#8243;][vc_single_image image=&#8221;2124&#8243; img_size=&#8221;full&#8221; css=&#8221;.vc_custom_1500393118297{margin-bottom: 50px !important;}&#8221;][stm_company_history][stm_company_history_item title=&#8221;Quem Somos&#8221; description=&#8221;A ENGP DETONA\u00c7\u00d5ES \u00e9 especialista em desmonte de rochas com o uso de explosivos, fogo controlado, pr\u00e9 fissuramento, desmonte a frio. S\u00e3o mais de 13.000.000 m\u00b3 de rocha desmontada. Contamos com uma equipe de profissionais altamente qualificados e experientes, sempre prezando a satisfa\u00e7\u00e3o do cliente, atendendo aos prazos e cuidando do meio ambiente, nosso maior patrim\u00f4nio!<\/p>\n<p>Atuamos em obras de constru\u00e7\u00e3o civil pesada como UHE, RODOVIAS, FERROVIAS, PCH\u00b4S, LINHAS DE TRANSMISS\u00c3O DE ENERGIA, PARQUES EOLICOS. N\u00f3s somos a GP Detona\u00e7\u00f5es. Somos especialistas em escava\u00e7\u00f5es a c\u00e9u aberto e desmonte controlado de rochas&#8221;][stm_company_history_item title=&#8221;Miss\u00e3o&#8221; description=&#8221;Viabilizar oportunidades de neg\u00f3cios no desmonte de rochas e suas varia\u00e7\u00f5es de forma segura e rent\u00e1vel, atendendo as necessidades dos clientes e respeitando o meio ambiente.&#8221;][stm_company_history_item title=&#8221;Vis\u00e3o&#8221; description=&#8221;Ser empresa referencia no desmonte de rocha no mercado nacional, buscando sempre a melhoria continua, formando parcerias rent\u00e1veis e a satisfa\u00e7\u00e3o do cliente.&#8221;][stm_company_history_item title=&#8221;Valores&#8221; description=&#8221;Credibilidade<br \/>\nEsp\u00edrito de Parceria<br \/>\nValoriza\u00e7\u00e3o das Pessoas<br \/>\nExcel\u00eancia na Gest\u00e3o<br \/>\nRespeito ao meio ambiente&#8221;][\/stm_company_history][\/vc_column][\/vc_row]<\/p>\n","protected":false},"excerpt":{"rendered":"<p>[vc_row css=&#8221;.vc_custom_1431670008004{margin-bottom: 20px !important;}&#8221; parallax_speed=&#8221;0.3&#8243;][vc_column width=&#8221;1\/4&#8243; offset=&#8221;vc_hidden-sm vc_hidden-xs&#8221;][stm_contacts_widget title=&#8221;Contatos&#8221; address=&#8221;S\u00e3o Jos\u00e9 dos Pinhais &#8211; PR Rua Leonardo Cristiano, 3.759 &#8211; Sala 102 &#8211; Governador Valadares &#8211; MG&#8221; phone=&#8221; (41) 3146-4453 (41) 99971-6010 \/ (41) 98421-6966&#8243; fax=&#8221; (88) 3531- 2966 (Nordeste)&#8221; email=&#8221;contato@engpdetonacoes.com.br&#8221;][\/vc_column][vc_column width=&#8221;3\/4&#8243;][vc_single_image image=&#8221;2124&#8243; img_size=&#8221;full&#8221; css=&#8221;.vc_custom_1500393118297{margin-bottom: 50px !important;}&#8221;][stm_company_history][stm_company_history_item title=&#8221;Quem Somos&#8221; description=&#8221;A ENGP DETONA\u00c7\u00d5ES \u00e9 especialista em<\/p>\n","protected":false},"author":1,"featured_media":0,"parent":0,"menu_order":0,"comment_status":"closed","ping_status":"closed","template":"","meta":[],"_links":{"self":[{"href":"https:\/\/engpdetonacoes.com.br\/index.php?rest_route=\/wp\/v2\/pages\/1773"}],"collection":[{"href":"https:\/\/engpdetonacoes.com.br\/index.php?rest_route=\/wp\/v2\/pages"}],"about":[{"href":"https:\/\/engpdetonacoes.com.br\/index.php?rest_route=\/wp\/v2\/types\/page"}],"author":[{"embeddable":true,"href":"https:\/\/engpdetonacoes.com.br\/index.php?rest_route=\/wp\/v2\/users\/1"}],"replies":[{"embeddable":true,"href":"https:\/\/engpdetonacoes.com.br\/index.php?rest_route=%2Fwp%2Fv2%2Fcomments&post=1773"}],"version-history":[{"count":19,"href":"https:\/\/engpdetonacoes.com.br\/index.php?rest_route=\/wp\/v2\/pages\/1773\/revisions"}],"predecessor-version":[{"id":2181,"href":"https:\/\/engpdetonacoes.com.br\/index.php?rest_route=\/wp\/v2\/pages\/1773\/revisions\/2181"}],"wp:attachment":[{"href":"https:\/\/engpdetonacoes.com.br\/index.php?rest_route=%2Fwp%2Fv2%2Fmedia&parent=1773"}],"curies":[{"name":"wp","href":"https:\/\/api.w.org\/{rel}","templated":true}]}}