{"id":1717,"date":"2015-03-20T10:13:39","date_gmt":"2015-03-20T10:13:39","guid":{"rendered":"http:\/\/bestbuild.stylemixthemes.com\/demo\/?page_id=2"},"modified":"2017-09-27T14:10:00","modified_gmt":"2017-09-27T14:10:00","slug":"sample-page-2","status":"publish","type":"page","link":"https:\/\/engpdetonacoes.com.br\/","title":{"rendered":"Home"},"content":{"rendered":"<p>[vc_row][vc_column][layerslider_vc id=&#8221;6&#8243;][\/vc_column][\/vc_row][vc_row css=&#8221;.vc_custom_1431499151445{margin-bottom: 50px !important;}&#8221; gmbt_prlx_bg_type=&#8221;parallax&#8221; gmbt_prlx_break_parents=&#8221;0&#8243; gmbt_prlx_smooth_scrolling=&#8221;&#8221; gmbt_prlx_video_mute=&#8221;&#8221; gmbt_prlx_video_force_hd=&#8221;&#8221; gmbt_prlx_opacity=&#8221;100&#8243; gmbt_prlx_video_aspect_ratio=&#8221;16:9&#8243; gmbt_prlx_parallax=&#8221;none&#8221; gmbt_prlx_speed=&#8221;0.3&#8243; gmbt_prlx_enable_mobile=&#8221;&#8221;][vc_column offset=&#8221;vc_hidden-xs&#8221;][vc_cta_button2 h4=&#8221; Procurando por servi\u00e7os de constru\u00e7\u00e3o de qualidade e acess\u00edveis para seu pr\u00f3ximo projeto?&#8221; style=&#8221;square&#8221; title=&#8221;Solicite um or\u00e7amento&#8221; link=&#8221;url:http%3A%2F%2Fengpdetonacoes.com.br%2F%3Fpage_id%3D1792|||&#8221;][\/vc_column][\/vc_row][vc_row css=&#8221;.vc_custom_1430826331253{margin-bottom: 22px !important;}&#8221;][vc_column width=&#8221;1\/3&#8243; css=&#8221;.vc_custom_1430826296347{margin-bottom: 30px !important;}&#8221;][stm_animation_block animation=&#8221;fadeInUp&#8221; animation_duration=&#8221;1&#8243; animation_delay=&#8221;0&#8243;][stm_info_box title=&#8221;Escavadeiras&#8221; image=&#8221;1987&#8243; link=&#8221;|||&#8221;]Escavadeira hidr\u00e1ulica 1T (Peso operacional: 23T \/ Peso operacional m\u00e1x. 24T). Opera\u00e7\u00e3o silenciosa, baixa emiss\u00e3o do motor, menos disposi\u00e7\u00e3o de fluido e servi\u00e7o de limpeza podem ajudar voc\u00ea a alcan\u00e7ar ou exceder as regulamenta\u00e7\u00f5es mundiais e proteger o meio ambiente.[\/stm_info_box][\/stm_animation_block][\/vc_column][vc_column width=&#8221;1\/3&#8243; css=&#8221;.vc_custom_1430826301380{margin-bottom: 30px !important;}&#8221;][stm_animation_block animation=&#8221;fadeInUp&#8221; animation_duration=&#8221;1&#8243; animation_delay=&#8221;0&#8243;][stm_info_box title=&#8221;Carretas de Perfura\u00e7\u00e3o&#8221; image=&#8221;2135&#8243; link=&#8221;|||&#8221;]A carreta de perfura\u00e7\u00e3o de rocha PWH-5000 foi projetada para perfura\u00e7\u00e3o em qualquer tipo de terreno, rocha ou min\u00e9rio. O posicionamento de opera\u00e7\u00e3o \u00e9 simples e confiante e a locomo\u00e7\u00e3o eficaz em terrenos acidentados.[\/stm_info_box][\/stm_animation_block][\/vc_column][vc_column width=&#8221;1\/3&#8243;][stm_animation_block animation=&#8221;fadeInUp&#8221; animation_duration=&#8221;1&#8243; animation_delay=&#8221;0&#8243;][stm_info_box title=&#8221;TRATOR&#8221; image=&#8221;2130&#8243; link=&#8221;|||&#8221;]Os tratores possuem versatilidade, produtividade e se destacam em uma ampla gama de tarefas de lamina\u00e7\u00e3o, escarifica\u00e7\u00e3o, limpeza de terrenos, empilhamento de materiais, bem como nivelamento, reboque de outros equipamentos e aterro de valas. Possui caracter\u00edsticas robustas que permitem que trabalhem em quase todos os terrenos, com a confiabilidade e o baixo custo de opera\u00e7\u00e3o.[\/stm_info_box][\/stm_animation_block][\/vc_column][\/vc_row][vc_row css=&#8221;.vc_custom_1428057100076{margin-bottom: 0px !important;background-position: 0 0 !important;background-repeat: repeat !important;}&#8221; gmbt_prlx_smooth_scrolling=&#8221;&#8221; gmbt_prlx_video_mute=&#8221;&#8221; gmbt_prlx_video_force_hd=&#8221;&#8221; gmbt_prlx_enable_mobile=&#8221;&#8221; gmbt_prlx_bg_type=&#8221;parallax&#8221; gmbt_prlx_break_parents=&#8221;0&#8243; gmbt_prlx_opacity=&#8221;100&#8243; gmbt_prlx_video_aspect_ratio=&#8221;16:9&#8243; gmbt_prlx_parallax=&#8221;none&#8221; gmbt_prlx_speed=&#8221;0.3&#8243; gmbt_background_repeat=&#8221;repeat&#8221; parallax_speed=&#8221;0.3&#8243;][vc_column][stm_projects category_filter=&#8221;show&#8221; full_width=&#8221;Enable&#8221; infinite=&#8221;enable&#8221; arrows=&#8221;enable&#8221; autoplay=&#8221;0&#8243; columns_desktop=&#8221;3&#8243; columns_tablet=&#8221;2&#8243; columns_mobile=&#8221;1&#8243; class=&#8221;no_padding&#8221; css=&#8221;.vc_custom_1500299908823{padding-bottom: 63px !important;background: #3d3d3d url(http:\/\/erichsenwebdesign.com.br\/eng\/wp-content\/uploads\/2015\/03\/pattern_1.png?id=347) !important;background-position: 0 0 !important;background-repeat: repeat !important;}&#8221; bg_position=&#8221;50% -6px&#8221; bg_size=&#8221;50px 50px&#8221; bg_image_retina=&#8221;348&#8243; title=&#8221;Principais Empreendimentos&#8221;][\/vc_column][\/vc_row][vc_row full_width=&#8221;stretch_row&#8221; css=&#8221;.vc_custom_1434360560849{margin-bottom: 60px !important;padding-top: 60px !important;padding-bottom: 38px !important;background-image: url(http:\/\/erichsenwebdesign.com.br\/eng\/wp-content\/uploads\/2015\/03\/pattern_2.png?id=170) !important;}&#8221; parallax_speed=&#8221;0.3&#8243; el_class=&#8221;overflow_hidden&#8221;][vc_column][vc_custom_heading text=&#8221;Nossos Servi\u00e7os&#8221; google_fonts=&#8221;font_family:Roboto%3A100%2C100italic%2C300%2C300italic%2Cregular%2Citalic%2C500%2C500italic%2C700%2C700italic%2C900%2C900italic|font_style:900%20bold%20regular%3A900%3Anormal&#8221; css=&#8221;.vc_custom_1500293282644{margin-bottom: 49px !important;}&#8221;][vc_column_text]<\/p>\n<h5>A ENGP Detona\u00e7\u00f5es atua no ramo de desmonte de rocha e todas as suas varia\u00e7\u00f5es. Temos a experi\u00eancia de 13.000.000,00 m\u00b3 em rochas desmontadas. Uma equipe altamente qualificada e experiente.<\/h5>\n<p>[\/vc_column_text][vc_row_inner css=&#8221;.vc_custom_1427699457983{margin-bottom: 0px !important;}&#8221;][vc_column_inner width=&#8221;1\/4&#8243; css=&#8221;.vc_custom_1430984621402{margin-bottom: 40px !important;}&#8221;][stm_animation_block animation=&#8221;fadeInUp&#8221; animation_duration=&#8221;1&#8243; animation_delay=&#8221;0&#8243;][stm_icon_box icon=&#8221;fa fa-sort-amount-desc&#8221; icon_size=&#8221;54&#8243; title=&#8221; Perfura\u00e7\u00e3o e Desmonte de Rocha&#8221; icon_line_height=&#8221;52&#8243;][\/stm_icon_box][\/stm_animation_block][\/vc_column_inner][vc_column_inner width=&#8221;1\/4&#8243; css=&#8221;.vc_custom_1430984633960{margin-bottom: 40px !important;}&#8221;][stm_animation_block animation=&#8221;fadeInUp&#8221; animation_duration=&#8221;1&#8243; animation_delay=&#8221;0.05&#8243;][stm_icon_box icon=&#8221;stm-builder-3&#8243; icon_size=&#8221;55&#8243; title=&#8221;Desmonte \u00e0 frio&#8221; icon_line_height=&#8221;52&#8243;][\/stm_icon_box][\/stm_animation_block][\/vc_column_inner][vc_column_inner width=&#8221;1\/4&#8243; css=&#8221;.vc_custom_1430984646736{margin-bottom: 40px !important;}&#8221;][stm_animation_block animation=&#8221;fadeInUp&#8221; animation_duration=&#8221;1&#8243; animation_delay=&#8221;0.1&#8243;][stm_icon_box icon=&#8221;fa fa-area-chart&#8221; icon_size=&#8221;55&#8243; title=&#8221;Sismografias&#8221; icon_line_height=&#8221;52&#8243;][\/stm_icon_box][\/stm_animation_block][\/vc_column_inner][vc_column_inner width=&#8221;1\/4&#8243; css=&#8221;.vc_custom_1430984652744{margin-bottom: 40px !important;}&#8221;][stm_animation_block animation=&#8221;fadeInUp&#8221; animation_duration=&#8221;1&#8243; animation_delay=&#8221;0.15&#8243;][stm_icon_box icon=&#8221;stm-builder-3&#8243; icon_size=&#8221;53&#8243; title=&#8221; Inje\u00e7\u00e3o de Nata de Cimento&#8221; icon_line_height=&#8221;52&#8243;][\/stm_icon_box][\/stm_animation_block][\/vc_column_inner][\/vc_row_inner][vc_row_inner][vc_column_inner width=&#8221;1\/4&#8243;][stm_animation_block animation=&#8221;fadeInUp&#8221; animation_duration=&#8221;1&#8243; animation_delay=&#8221;0.2&#8243;][stm_icon_box icon=&#8221;fa fa-pagelines&#8221; icon_size=&#8221;56&#8243; title=&#8221;Supress\u00e3o Vegetal&#8221;][\/stm_icon_box][\/stm_animation_block][\/vc_column_inner][vc_column_inner width=&#8221;1\/4&#8243;][stm_animation_block animation=&#8221;fadeInUp&#8221; animation_duration=&#8221;1&#8243; animation_delay=&#8221;0.25&#8243;][stm_icon_box icon=&#8221;fa fa-bomb&#8221; title=&#8221;Fogo Controlado&#8221;][\/stm_icon_box][\/stm_animation_block][vc_empty_space][\/vc_column_inner][vc_column_inner width=&#8221;1\/4&#8243;][stm_animation_block animation=&#8221;fadeInUp&#8221; animation_duration=&#8221;1&#8243; animation_delay=&#8221;0.30&#8243;][stm_icon_box icon=&#8221;stm-builder-3&#8243; title=&#8221; Pr\u00e9 Fissuramento&#8221;][\/stm_icon_box][\/stm_animation_block][\/vc_column_inner][vc_column_inner width=&#8221;1\/4&#8243;][stm_animation_block animation=&#8221;fadeInUp&#8221; animation_duration=&#8221;1&#8243; animation_delay=&#8221;0.35&#8243;][stm_icon_box icon=&#8221;stm-builder-3&#8243; title=&#8221;Levantamentos Topogr\u00e1ficos&#8221;][\/stm_icon_box][\/stm_animation_block][\/vc_column_inner][\/vc_row_inner][vc_row_inner][vc_column_inner width=&#8221;1\/4&#8243;][\/vc_column_inner][vc_column_inner width=&#8221;1\/4&#8243;][stm_animation_block animation=&#8221;fadeInUp&#8221; animation_duration=&#8221;1&#8243; animation_delay=&#8221;0.25&#8243;][stm_icon_box icon=&#8221;stm-builder-3&#8243; title=&#8221;Ancoragem de torres de alta tens\u00e3o&#8221;][\/stm_icon_box][\/stm_animation_block][\/vc_column_inner][vc_column_inner width=&#8221;1\/4&#8243;][stm_animation_block animation=&#8221;fadeInUp&#8221; animation_duration=&#8221;1&#8243; animation_delay=&#8221;0.30&#8243;][stm_icon_box icon=&#8221;fa fa-calculator&#8221; title=&#8221; Loca\u00e7\u00e3o de Equipamentos&#8221;][\/stm_icon_box][\/stm_animation_block][\/vc_column_inner][vc_column_inner width=&#8221;1\/4&#8243;][\/vc_column_inner][\/vc_row_inner][\/vc_column][\/vc_row][vc_row css=&#8221;.vc_custom_1427714757825{margin-bottom: 53px !important;}&#8221;][vc_column width=&#8221;1\/2&#8243; css=&#8221;.vc_custom_1430825716201{margin-bottom: 40px !important;}&#8221;][stm_animation_block animation=&#8221;fadeInLeft&#8221; animation_duration=&#8221;0.75&#8243; animation_delay=&#8221;0&#8243;][vc_custom_heading text=&#8221;Depoimento&#8221; google_fonts=&#8221;font_family:Roboto%3A100%2C100italic%2C300%2C300italic%2Cregular%2Citalic%2C500%2C500italic%2C700%2C700italic%2C900%2C900italic|font_style:900%20bold%20regular%3A900%3Anormal&#8221; css=&#8221;.vc_custom_1500385732211{margin-bottom: 35px !important;}&#8221;][stm_testimonials count=&#8221;5&#8243;][\/stm_animation_block][\/vc_column][vc_column width=&#8221;1\/2&#8243;][stm_animation_block animation=&#8221;fadeInRight&#8221; animation_duration=&#8221;0.75&#8243; animation_delay=&#8221;0&#8243;][vc_custom_heading text=&#8221;Nossos clientes&#8221; font_container=&#8221;tag:h2|text_align:left|color:%23333333&#8243; google_fonts=&#8221;font_family:Roboto%3A100%2C100italic%2C300%2C300italic%2Cregular%2Citalic%2C500%2C500italic%2C700%2C700italic%2C900%2C900italic|font_style:900%20bold%20regular%3A900%3Anormal&#8221; css=&#8221;.vc_custom_1500327493947{margin-bottom: 34px !important;}&#8221; link=&#8221;|||&#8221;][vc_column_text]<\/p>\n<h5>Atuamos em obras de constru\u00e7\u00e3o civil pesada como UHE (Usina Hidrel\u00e9trica), PCH\u00b4S (Pequenas Centrais Hidrel\u00e9trica),<br \/>\nRODOVIAS, FERROVIAS, LINHAS DE TRANSMISS\u00c3O DE ENERGIA e PARQUES E\u00d3LICOS.<\/h5>\n<p>[\/vc_column_text][vc_images_carousel images=&#8221;2031,2032,2033,2034,2035,2036,2037,2038,2039,2040,2041,2042&#8243; img_size=&#8221;600&#215;141&#8243; slides_per_view=&#8221;3&#8243; autoplay=&#8221;yes&#8221;][\/stm_animation_block][\/vc_column][\/vc_row]<\/p>\n","protected":false},"excerpt":{"rendered":"<p>[vc_row][vc_column][layerslider_vc id=&#8221;6&#8243;][\/vc_column][\/vc_row][vc_row css=&#8221;.vc_custom_1431499151445{margin-bottom: 50px !important;}&#8221; gmbt_prlx_bg_type=&#8221;parallax&#8221; gmbt_prlx_break_parents=&#8221;0&#8243; gmbt_prlx_smooth_scrolling=&#8221;&#8221; gmbt_prlx_video_mute=&#8221;&#8221; gmbt_prlx_video_force_hd=&#8221;&#8221; gmbt_prlx_opacity=&#8221;100&#8243; gmbt_prlx_video_aspect_ratio=&#8221;16:9&#8243; gmbt_prlx_parallax=&#8221;none&#8221; gmbt_prlx_speed=&#8221;0.3&#8243; gmbt_prlx_enable_mobile=&#8221;&#8221;][vc_column offset=&#8221;vc_hidden-xs&#8221;][vc_cta_button2 h4=&#8221; Procurando por servi\u00e7os de constru\u00e7\u00e3o de qualidade e acess\u00edveis para seu pr\u00f3ximo projeto?&#8221; style=&#8221;square&#8221; title=&#8221;Solicite um or\u00e7amento&#8221; link=&#8221;url:http%3A%2F%2Fengpdetonacoes.com.br%2F%3Fpage_id%3D1792|||&#8221;][\/vc_column][\/vc_row][vc_row css=&#8221;.vc_custom_1430826331253{margin-bottom: 22px !important;}&#8221;][vc_column width=&#8221;1\/3&#8243; css=&#8221;.vc_custom_1430826296347{margin-bottom: 30px !important;}&#8221;][stm_animation_block animation=&#8221;fadeInUp&#8221; animation_duration=&#8221;1&#8243; animation_delay=&#8221;0&#8243;][stm_info_box title=&#8221;Escavadeiras&#8221; image=&#8221;1987&#8243; link=&#8221;|||&#8221;]Escavadeira hidr\u00e1ulica 1T (Peso operacional: 23T \/ Peso<\/p>\n","protected":false},"author":1,"featured_media":0,"parent":0,"menu_order":0,"comment_status":"closed","ping_status":"closed","template":"","meta":[],"_links":{"self":[{"href":"https:\/\/engpdetonacoes.com.br\/index.php?rest_route=\/wp\/v2\/pages\/1717"}],"collection":[{"href":"https:\/\/engpdetonacoes.com.br\/index.php?rest_route=\/wp\/v2\/pages"}],"about":[{"href":"https:\/\/engpdetonacoes.com.br\/index.php?rest_route=\/wp\/v2\/types\/page"}],"author":[{"embeddable":true,"href":"https:\/\/engpdetonacoes.com.br\/index.php?rest_route=\/wp\/v2\/users\/1"}],"replies":[{"embeddable":true,"href":"https:\/\/engpdetonacoes.com.br\/index.php?rest_route=%2Fwp%2Fv2%2Fcomments&post=1717"}],"version-history":[{"count":59,"href":"https:\/\/engpdetonacoes.com.br\/index.php?rest_route=\/wp\/v2\/pages\/1717\/revisions"}],"predecessor-version":[{"id":2168,"href":"https:\/\/engpdetonacoes.com.br\/index.php?rest_route=\/wp\/v2\/pages\/1717\/revisions\/2168"}],"wp:attachment":[{"href":"https:\/\/engpdetonacoes.com.br\/index.php?rest_route=%2Fwp%2Fv2%2Fmedia&parent=1717"}],"curies":[{"name":"wp","href":"https:\/\/api.w.org\/{rel}","templated":true}]}}